
Calculate the greatest common factor of 44 and 19514.
22
Calculate the highest common divisor of 65 and 1425.
5
What is the greatest common divisor of 3082 and 12998?
134
Calculate the greatest common factor of 1221 and 14619.
33
Calculate the greatest common factor of 3 and 32658.
3
What is the highest common divisor of 836 and 139524?
44
Calculate the highest common factor of 462 and 1881726.
462
What is the greatest common divisor of 611 and 29536?
13
Calculate the greatest common divisor of 17615 and 481.
13
Calculate the greatest common factor of 9401 and 3213.
119
What is the highest common factor of 84733 and 11?
11
Calculate the greatest common divisor of 17325 and 13563.
99
Calculate the greatest common divisor of 378730 and 242.
242
Calculate the greatest common divisor of 1183 and 805.
7
What is the highest common factor of 22 and 523622?
22
Calculate the greatest common factor of 54 and 1401489.
27
What is the greatest common divisor of 439890 and 43710?
930
What is the highest common divisor of 38284 and 306?
34
Calculate the greatest common divisor of 8 and 1041812.
4
Calculate the greatest common factor of 286 and 67223.
13
What is the highest common factor of 23990 and 80?
10
What is the greatest common factor of 6000 and 816?
48
What is the greatest common factor of 21826 and 14?
14
Calculate the highest common divisor of 140767 and 5159.
737
What is the greatest common divisor of 57756 and 276?
12
Calculate the highest common divisor of 37682 and 227.
227
Calculate the greatest common divisor of 9398472 and 632.
632
Calculate the highest common divisor of 119 and 157913.
119
What is the highest common divisor of 1650702 and 24?
6
Calculate the greatest common factor of 277506 and 324.
162
What is the greatest common divisor of 143662 and 872?
218
Calculate the greatest common factor of 10681 and 297.
11
What is the greatest common factor of 9 and 524133?
9
What is the highest common factor of 735 and 34349?
49
What is the highest common factor of 16268 and 117404?
196
What is the highest common divisor of 7225 and 1775?
25
Calculate the highest common factor of 3690 and 126.
18
What is the highest common factor of 1468 and 7459642?
734
What is the greatest common factor of 486327 and 3?
3
Calculate the highest common factor of 72294 and 12.
6
Calculate the highest common divisor of 33866 and 3776.
118
What is the highest common factor of 208811 and 1775?
71
What is the highest common factor of 38198 and 284?
142
What is the greatest common divisor of 17 and 18632?
17
Calculate the greatest common factor of 189 and 351972.
27
Calculate the greatest common divisor of 3672 and 6749.
17
What is the highest common factor of 9128 and 8904?
56
Calculate the greatest common divisor of 670 and 9195750.
670
What is the highest common divisor of 7 and 136423?
7
What is the greatest common factor of 29032 and 2432?
152
What is the highest common factor of 58036 and 66?
22
What is the highest common factor of 188 and 5420228?
188
Calculate the greatest common factor of 5074 and 6490.
118
Calculate the highest common factor of 583 and 2673.
11
Calculate the highest common divisor of 63710 and 8510.
230
Calculate the greatest common divisor of 4115 and 1.
1
What is the highest common divisor of 13 and 226447?
13
What is the highest common factor of 2232 and 232965?
279
Calculate the greatest common divisor of 16227 and 54.
27
What is the highest common divisor of 63 and 1806?
21
What is the highest common divisor of 51 and 3458752?
17
What is the greatest common factor of 3284 and 43?
1
Calculate the greatest common factor of 250 and 6350.
50
Calculate the greatest common divisor of 2727225 and 230.
115
What is the greatest common factor of 5148 and 1606?
22
Calculate the highest common divisor of 19153056 and 1236.
1236
Calculate the greatest common factor of 2303725 and 1075.
1075
What is the highest common divisor of 943774 and 52?
26
Calculate the highest common factor of 4293523 and 13.
13
Calculate the highest common factor of 25276 and 201496.
356
Calculate the highest common divisor of 316970 and 290.
290
Calculate the greatest common divisor of 85800 and 26884.
572
What is the greatest common divisor of 41123 and 34?
17
Calculate the greatest common divisor of 1309 and 96712.
77
Calculate the highest common factor of 1158 and 489.
3
Calculate the greatest common divisor of 268752 and 24.
24
What is the greatest common divisor of 19400 and 2619?
97
Calculate the greatest common factor of 760 and 26720.
40
Calculate the highest common factor of 10741 and 644.
23
Calculate the highest common factor of 30 and 415.
5
What is the greatest common factor of 901 and 1955?
17
Calculate the highest common factor of 1272787 and 926.
463
What is the greatest common factor of 150 and 158225?
25
Calculate the greatest common divisor of 104683 and 1.
1
Calculate the highest common factor of 70672 and 70.
14
What is the greatest common divisor of 840 and 116235?
105
Calculate the highest common factor of 3233173 and 19.
19
What is the greatest common factor of 174 and 22?
2
Calculate the greatest common divisor of 36800 and 4048.
368
What is the greatest common divisor of 817304 and 849?
283
Calculate the greatest common factor of 7300 and 200.
100
Calculate the greatest common factor of 137431 and 609.
203
Calculate the greatest common factor of 216 and 122580.
108
What is the greatest common factor of 149 and 142?
1
Calculate the highest common divisor of 148797 and 1056.
33
What is the greatest common factor of 304 and 547542?
38
Calculate the greatest common divisor of 1999760 and 840.
280
What is the greatest common divisor of 23349 and 1032?
129
What is the highest common divisor of 96 and 13956?
12
What is the highest common factor of 49476 and 50561?
217
What is the greatest common factor of 80 and 1319440?
80
Calculate the greatest common divisor of 62 and 41447.
31
Calculate the highest common divisor of 1197 and 245917.
133
What is the greatest common divisor of 65 and 219235?
5
Calculate the greatest common divisor of 527414 and 178.
178
What is the greatest common factor of 6085 and 205?
5
Calculate the highest common factor of 38437 and 2414.
17
What is the greatest common divisor of 167775 and 975?
75
What is the greatest common factor of 195 and 13330?
5
What is the greatest common factor of 216 and 4896?
72
Calculate the highest common factor of 31955 and 1232.
77
What is the greatest common factor of 14 and 12600?
14
Calculate the greatest common factor of 4752 and 43472.
176
Calculate the greatest common divisor of 8232 and 114856.
392
Calculate the greatest common factor of 86 and 692128.
86
What is the greatest common divisor of 10 and 14208430?
10
Calculate the highest common factor of 283445 and 1245.
415
What is the greatest common divisor of 147 and 54831?
147
Calculate the greatest common divisor of 14975 and 50.
25
Calculate the greatest common factor of 60 and 2042980.
20
Calculate the highest common factor of 74304 and 60.
12
What is the greatest common factor of 42460 and 165?
55
Calculate the highest common divisor of 124139 and 4.
1
Calculate the highest common factor of 41 and 73.
1
Calculate the highest common divisor of 4891 and 35644.
67
Calculate the greatest common divisor of 20 and 280220.
20
Calculate the highest common factor of 705000 and 1125.
375
What is the greatest common divisor of 38663 and 23?
23
What is the highest common divisor of 262 and 68513?
131
Calculate the highest common divisor of 26481 and 374808.
2037
What is the greatest common divisor of 37 and 2324081?
37
Calculate the highest common factor of 27 and 264249.
27
What is the greatest common divisor of 202991 and 82?
41
What is the highest common divisor of 414 and 2048?
2
What is the highest common divisor of 25843 and 53489?
601
What is the greatest common divisor of 272 and 352784?
272
What is the greatest common factor of 6 and 163131?
3
Calculate the greatest common factor of 118 and 17006.
2
Calculate the greatest common factor of 141576 and 2040.
408
Calculate the greatest common factor of 279 and 452385.
9
What is the greatest common divisor of 149994 and 364?
26
What is the greatest common divisor of 689434 and 38?
38
What